{"id":127,"date":"2021-07-07T17:02:19","date_gmt":"2021-07-07T17:02:19","guid":{"rendered":"https:\/\/ludica.uqo.ca\/?page_id=127"},"modified":"2023-02-24T13:49:41","modified_gmt":"2023-02-24T13:49:41","slug":"nos-objectifs","status":"publish","type":"page","link":"https:\/\/ludica.uqo.ca\/index.php\/nos-objectifs\/","title":{"rendered":"Nos objectifs"},"content":{"rendered":"\n<blockquote class=\"wp-block-quote has-text-align-center is-style-default\"><p><strong>\u00ab<em>Pour les personnes autistes, on a souvent vu les forces et les int\u00e9r\u00eats comme \u00e9tant des obstacles au d\u00e9veloppement. De plus en plus, ce que l&rsquo;on voit, c&rsquo;est que le fait de laisser les personnes autistes se diriger vers leurs int\u00e9r\u00eats pourraient \u00eatre associ\u00e9 au bien-\u00eatre.<\/em>\u00bb<\/strong><\/p><cite><strong>Dre Claudine Jacques<\/strong><\/cite><\/blockquote>\n\n\n\n<div class=\"wp-container-3 wp-block-columns\">\n<div class=\"wp-container-1 wp-block-column\">\n<div class=\"wp-block-nextend-smartslider3\"><\/div>\n<\/div>\n\n\n\n<div class=\"wp-container-2 wp-block-column\">\n<p class=\"has-text-align-left has-background\" style=\"background-color:#e7e8e8;font-size:17px\">Le Laboratoire sur l&rsquo;unicit\u00e9 et la diversit\u00e9 des int\u00e9r\u00eats et des comportements en autisme (LUDICA) a pour but de mettre \u00e0 profit les int\u00e9r\u00eats et les forces des personnes autistes dans toute leur trajectoire de vie (de l\u2019enfance \u00e0 l\u2019\u00e2ge adulte).<br><br>Le LUDICA s\u2019int\u00e9resse d\u2019abord aux comportements r\u00e9p\u00e9titifs et aux int\u00e9r\u00eats de pr\u00e9dilection caract\u00e9risant les enfants autistes dans toute leur trajectoire d\u00e9veloppementale. Dans le cadre de ce premier axe de recherche,&nbsp;le laboratoire documente ces caract\u00e9ristiques autistiques et les expressions \u00e9motionnelles qui y sont associ\u00e9es afin de mieux orienter leur utilisation dans les pratiques \u00e9ducatives.&nbsp;<br><br>Ensuite, le LUDICA identifie&nbsp;les besoins des enfants autistes ou ayant d&rsquo;autres conditions neurod\u00e9veloppementales et&nbsp;\u00e9value les trajectoires de services d\u00e9ploy\u00e9es aupr\u00e8s de ces populations. Le LUDICA collabore avec les centres de sant\u00e9 et services sociaux, afin d\u2019am\u00e9liorer la qualit\u00e9 des services offerts \u00e0 ces&nbsp;enfants ainsi qu\u2019\u00e0 leurs familles.<br><br>Enfin, le LUDICA a pour objectif de conduire des projets de recherche en contexte de d\u00e9veloppement international avec des milieux universitaires et cliniques pour coconstruire des pratiques innovantes mieux adapt\u00e9es \u00e0 la neurodiversit\u00e9.<\/p>\n<\/div>\n<\/div>\n\n\n\n<div class=\"wp-container-10 wp-block-columns\">\n<div class=\"wp-container-5 wp-block-column\">\n<div class=\"wp-container-4 wp-block-buttons\">\n<div class=\"wp-block-button aligncenter\"><a class=\"wp-block-button__link\" href=\"https:\/\/ludica.uqo.ca\/index.php\/claudine-jacques\/\">\u00c0 propos de Dre Claudine Jacques<\/a><\/div>\n<\/div>\n<\/div>\n\n\n\n<div class=\"wp-container-7 wp-block-column is-vertically-aligned-center\">\n<div class=\"wp-container-6 wp-block-buttons\">\n<div class=\"wp-block-button aligncenter\"><a class=\"wp-block-button__link\" href=\"https:\/\/ludica.uqo.ca\/index.php\/nos-assistantes-de-recherche\/\">\u00c0 propos de nos \u00e9tudiantes<\/a><\/div>\n<\/div>\n<\/div>\n\n\n\n<div class=\"wp-container-9 wp-block-column\">\n<div class=\"wp-container-8 wp-block-buttons\">\n<div class=\"wp-block-button aligncenter\"><a class=\"wp-block-button__link\" href=\"https:\/\/ludica.uqo.ca\/index.php\/nos-collaborateurs\/\">\u00c0 propos de nos collaborateurs<\/a><\/div>\n<\/div>\n<\/div>\n<\/div>\n\n\n\n<p><\/p>\n","protected":false},"excerpt":{"rendered":"<p>\u00abPour les personnes autistes, on a souvent vu les forces et les int\u00e9r\u00eats comme \u00e9tant des obstacles au d\u00e9veloppement. De plus en plus, ce que l&rsquo;on voit, c&rsquo;est que le fait de laisser les personnes autistes se diriger vers leurs int\u00e9r\u00eats pourraient \u00eatre associ\u00e9 au bien-\u00eatre.\u00bb Dre Claudine Jacques Le Laboratoire sur l&rsquo;unicit\u00e9 et la &hellip;<\/p>\n","protected":false},"author":1,"featured_media":0,"parent":0,"menu_order":0,"comment_status":"closed","ping_status":"closed","template":"","meta":[],"yoast_head":"<!-- This site is optimized with the Yoast SEO plugin v19.6 - https:\/\/yoast.com\/wordpress\/plugins\/seo\/ -->\n<title>Nos objectifs - LUDICA<\/title>\n<meta name=\"robots\" content=\"index, follow, max-snippet:-1, max-image-preview:large, max-video-preview:-1\" \/>\n<link rel=\"canonical\" href=\"https:\/\/ludica.uqo.ca\/index.php\/nos-objectifs\/\" \/>\n<meta property=\"og:locale\" content=\"fr_FR\" \/>\n<meta property=\"og:type\" content=\"article\" \/>\n<meta property=\"og:title\" content=\"Nos objectifs - LUDICA\" \/>\n<meta property=\"og:description\" content=\"\u00abPour les personnes autistes, on a souvent vu les forces et les int\u00e9r\u00eats comme \u00e9tant des obstacles au d\u00e9veloppement. De plus en plus, ce que l&rsquo;on voit, c&rsquo;est que le fait de laisser les personnes autistes se diriger vers leurs int\u00e9r\u00eats pourraient \u00eatre associ\u00e9 au bien-\u00eatre.\u00bb Dre Claudine Jacques Le Laboratoire sur l&rsquo;unicit\u00e9 et la &hellip;\" \/>\n<meta property=\"og:url\" content=\"https:\/\/ludica.uqo.ca\/index.php\/nos-objectifs\/\" \/>\n<meta property=\"og:site_name\" content=\"LUDICA\" \/>\n<meta property=\"article:publisher\" content=\"https:\/\/www.facebook.com\/LABOLUDICA\" \/>\n<meta property=\"article:modified_time\" content=\"2023-02-24T13:49:41+00:00\" \/>\n<meta name=\"twitter:card\" content=\"summary_large_image\" \/>\n<meta name=\"twitter:label1\" content=\"Dur\u00e9e de lecture estim\u00e9e\" \/>\n\t<meta name=\"twitter:data1\" content=\"2 minutes\" \/>\n<script type=\"application\/ld+json\" class=\"yoast-schema-graph\">{\"@context\":\"https:\/\/schema.org\",\"@graph\":[{\"@type\":\"WebPage\",\"@id\":\"https:\/\/ludica.uqo.ca\/index.php\/nos-objectifs\/\",\"url\":\"https:\/\/ludica.uqo.ca\/index.php\/nos-objectifs\/\",\"name\":\"Nos objectifs - LUDICA\",\"isPartOf\":{\"@id\":\"https:\/\/ludica.uqo.ca\/#website\"},\"datePublished\":\"2021-07-07T17:02:19+00:00\",\"dateModified\":\"2023-02-24T13:49:41+00:00\",\"breadcrumb\":{\"@id\":\"https:\/\/ludica.uqo.ca\/index.php\/nos-objectifs\/#breadcrumb\"},\"inLanguage\":\"fr-FR\",\"potentialAction\":[{\"@type\":\"ReadAction\",\"target\":[\"https:\/\/ludica.uqo.ca\/index.php\/nos-objectifs\/\"]}]},{\"@type\":\"BreadcrumbList\",\"@id\":\"https:\/\/ludica.uqo.ca\/index.php\/nos-objectifs\/#breadcrumb\",\"itemListElement\":[{\"@type\":\"ListItem\",\"position\":1,\"name\":\"Accueil\",\"item\":\"https:\/\/ludica.uqo.ca\/\"},{\"@type\":\"ListItem\",\"position\":2,\"name\":\"Nos objectifs\"}]},{\"@type\":\"WebSite\",\"@id\":\"https:\/\/ludica.uqo.ca\/#website\",\"url\":\"https:\/\/ludica.uqo.ca\/\",\"name\":\"LUDICA\",\"description\":\"Laboratoire sur l&#039;Unicit\u00e9 et la Diversit\u00e9 des Int\u00e9r\u00eats et des Comportements en Autisme\",\"publisher\":{\"@id\":\"https:\/\/ludica.uqo.ca\/#organization\"},\"potentialAction\":[{\"@type\":\"SearchAction\",\"target\":{\"@type\":\"EntryPoint\",\"urlTemplate\":\"https:\/\/ludica.uqo.ca\/?s={search_term_string}\"},\"query-input\":\"required name=search_term_string\"}],\"inLanguage\":\"fr-FR\"},{\"@type\":\"Organization\",\"@id\":\"https:\/\/ludica.uqo.ca\/#organization\",\"name\":\"LUDICA\",\"url\":\"https:\/\/ludica.uqo.ca\/\",\"sameAs\":[\"https:\/\/www.facebook.com\/LABOLUDICA\"],\"logo\":{\"@type\":\"ImageObject\",\"inLanguage\":\"fr-FR\",\"@id\":\"https:\/\/ludica.uqo.ca\/#\/schema\/logo\/image\/\",\"url\":\"https:\/\/i0.wp.com\/ludica.uqo.ca\/wp-content\/uploads\/2021\/07\/Logo-LUDICA-abrege-e1659980461216.jpg?fit=1585%2C1125&ssl=1\",\"contentUrl\":\"https:\/\/i0.wp.com\/ludica.uqo.ca\/wp-content\/uploads\/2021\/07\/Logo-LUDICA-abrege-e1659980461216.jpg?fit=1585%2C1125&ssl=1\",\"width\":1585,\"height\":1125,\"caption\":\"LUDICA\"},\"image\":{\"@id\":\"https:\/\/ludica.uqo.ca\/#\/schema\/logo\/image\/\"}}]}<\/script>\n<!-- \/ Yoast SEO plugin. -->","yoast_head_json":{"title":"Nos objectifs - LUDICA","robots":{"index":"index","follow":"follow","max-snippet":"max-snippet:-1","max-image-preview":"max-image-preview:large","max-video-preview":"max-video-preview:-1"},"canonical":"https:\/\/ludica.uqo.ca\/index.php\/nos-objectifs\/","og_locale":"fr_FR","og_type":"article","og_title":"Nos objectifs - LUDICA","og_description":"\u00abPour les personnes autistes, on a souvent vu les forces et les int\u00e9r\u00eats comme \u00e9tant des obstacles au d\u00e9veloppement. De plus en plus, ce que l&rsquo;on voit, c&rsquo;est que le fait de laisser les personnes autistes se diriger vers leurs int\u00e9r\u00eats pourraient \u00eatre associ\u00e9 au bien-\u00eatre.\u00bb Dre Claudine Jacques Le Laboratoire sur l&rsquo;unicit\u00e9 et la &hellip;","og_url":"https:\/\/ludica.uqo.ca\/index.php\/nos-objectifs\/","og_site_name":"LUDICA","article_publisher":"https:\/\/www.facebook.com\/LABOLUDICA","article_modified_time":"2023-02-24T13:49:41+00:00","twitter_card":"summary_large_image","twitter_misc":{"Dur\u00e9e de lecture estim\u00e9e":"2 minutes"},"schema":{"@context":"https:\/\/schema.org","@graph":[{"@type":"WebPage","@id":"https:\/\/ludica.uqo.ca\/index.php\/nos-objectifs\/","url":"https:\/\/ludica.uqo.ca\/index.php\/nos-objectifs\/","name":"Nos objectifs - LUDICA","isPartOf":{"@id":"https:\/\/ludica.uqo.ca\/#website"},"datePublished":"2021-07-07T17:02:19+00:00","dateModified":"2023-02-24T13:49:41+00:00","breadcrumb":{"@id":"https:\/\/ludica.uqo.ca\/index.php\/nos-objectifs\/#breadcrumb"},"inLanguage":"fr-FR","potentialAction":[{"@type":"ReadAction","target":["https:\/\/ludica.uqo.ca\/index.php\/nos-objectifs\/"]}]},{"@type":"BreadcrumbList","@id":"https:\/\/ludica.uqo.ca\/index.php\/nos-objectifs\/#breadcrumb","itemListElement":[{"@type":"ListItem","position":1,"name":"Accueil","item":"https:\/\/ludica.uqo.ca\/"},{"@type":"ListItem","position":2,"name":"Nos objectifs"}]},{"@type":"WebSite","@id":"https:\/\/ludica.uqo.ca\/#website","url":"https:\/\/ludica.uqo.ca\/","name":"LUDICA","description":"Laboratoire sur l&#039;Unicit\u00e9 et la Diversit\u00e9 des Int\u00e9r\u00eats et des Comportements en Autisme","publisher":{"@id":"https:\/\/ludica.uqo.ca\/#organization"},"potentialAction":[{"@type":"SearchAction","target":{"@type":"EntryPoint","urlTemplate":"https:\/\/ludica.uqo.ca\/?s={search_term_string}"},"query-input":"required name=search_term_string"}],"inLanguage":"fr-FR"},{"@type":"Organization","@id":"https:\/\/ludica.uqo.ca\/#organization","name":"LUDICA","url":"https:\/\/ludica.uqo.ca\/","sameAs":["https:\/\/www.facebook.com\/LABOLUDICA"],"logo":{"@type":"ImageObject","inLanguage":"fr-FR","@id":"https:\/\/ludica.uqo.ca\/#\/schema\/logo\/image\/","url":"https:\/\/i0.wp.com\/ludica.uqo.ca\/wp-content\/uploads\/2021\/07\/Logo-LUDICA-abrege-e1659980461216.jpg?fit=1585%2C1125&ssl=1","contentUrl":"https:\/\/i0.wp.com\/ludica.uqo.ca\/wp-content\/uploads\/2021\/07\/Logo-LUDICA-abrege-e1659980461216.jpg?fit=1585%2C1125&ssl=1","width":1585,"height":1125,"caption":"LUDICA"},"image":{"@id":"https:\/\/ludica.uqo.ca\/#\/schema\/logo\/image\/"}}]}},"_links":{"self":[{"href":"https:\/\/ludica.uqo.ca\/index.php\/wp-json\/wp\/v2\/pages\/127"}],"collection":[{"href":"https:\/\/ludica.uqo.ca\/index.php\/wp-json\/wp\/v2\/pages"}],"about":[{"href":"https:\/\/ludica.uqo.ca\/index.php\/wp-json\/wp\/v2\/types\/page"}],"author":[{"embeddable":true,"href":"https:\/\/ludica.uqo.ca\/index.php\/wp-json\/wp\/v2\/users\/1"}],"replies":[{"embeddable":true,"href":"https:\/\/ludica.uqo.ca\/index.php\/wp-json\/wp\/v2\/comments?post=127"}],"version-history":[{"count":40,"href":"https:\/\/ludica.uqo.ca\/index.php\/wp-json\/wp\/v2\/pages\/127\/revisions"}],"predecessor-version":[{"id":5053,"href":"https:\/\/ludica.uqo.ca\/index.php\/wp-json\/wp\/v2\/pages\/127\/revisions\/5053"}],"wp:attachment":[{"href":"https:\/\/ludica.uqo.ca\/index.php\/wp-json\/wp\/v2\/media?parent=127"}],"curies":[{"name":"wp","href":"https:\/\/api.w.org\/{rel}","templated":true}]}}

<blockquote class="wp-block-quote has-text-align-center is-style-default"><p><strong>«<em>Pour les personnes autistes, on a souvent vu les forces et les intérêts comme étant des obstacles au développement. De plus en plus, ce que l&rsquo;on voit, c&rsquo;est que le fait de laisser les personnes autistes se diriger vers leurs intérêts pourraient être associé au bien-être.</em>»</strong></p><cite><strong>Dre Claudine Jacques</strong></cite></blockquote>



<div class="wp-container-3 wp-block-columns">
<div class="wp-container-1 wp-block-column">
<div class="wp-block-nextend-smartslider3"></div>
</div>



<div class="wp-container-2 wp-block-column">
<p class="has-text-align-left has-background" style="background-color:#e7e8e8;font-size:17px">Le Laboratoire sur l&rsquo;unicité et la diversité des intérêts et des comportements en autisme (LUDICA) a pour but de mettre à profit les intérêts et les forces des personnes autistes dans toute leur trajectoire de vie (de l’enfance à l’âge adulte).<br><br>Le LUDICA s’intéresse d’abord aux comportements répétitifs et aux intérêts de prédilection caractérisant les enfants autistes dans toute leur trajectoire développementale. Dans le cadre de ce premier axe de recherche,&nbsp;le laboratoire documente ces caractéristiques autistiques et les expressions émotionnelles qui y sont associées afin de mieux orienter leur utilisation dans les pratiques éducatives.&nbsp;<br><br>Ensuite, le LUDICA identifie&nbsp;les besoins des enfants autistes ou ayant d&rsquo;autres conditions neurodéveloppementales et&nbsp;évalue les trajectoires de services déployées auprès de ces populations. Le LUDICA collabore avec les centres de santé et services sociaux, afin d’améliorer la qualité des services offerts à ces&nbsp;enfants ainsi qu’à leurs familles.<br><br>Enfin, le LUDICA a pour objectif de conduire des projets de recherche en contexte de développement international avec des milieux universitaires et cliniques pour coconstruire des pratiques innovantes mieux adaptées à la neurodiversité.</p>
</div>
</div>



<div class="wp-container-10 wp-block-columns">
<div class="wp-container-5 wp-block-column">
<div class="wp-container-4 wp-block-buttons">
<div class="wp-block-button aligncenter"><a class="wp-block-button__link" href="https://ludica.uqo.ca/index.php/claudine-jacques/">À propos de Dre Claudine Jacques</a></div>
</div>
</div>



<div class="wp-container-7 wp-block-column is-vertically-aligned-center">
<div class="wp-container-6 wp-block-buttons">
<div class="wp-block-button aligncenter"><a class="wp-block-button__link" href="https://ludica.uqo.ca/index.php/nos-assistantes-de-recherche/">À propos de nos étudiantes</a></div>
</div>
</div>



<div class="wp-container-9 wp-block-column">
<div class="wp-container-8 wp-block-buttons">
<div class="wp-block-button aligncenter"><a class="wp-block-button__link" href="https://ludica.uqo.ca/index.php/nos-collaborateurs/">À propos de nos collaborateurs</a></div>
</div>
</div>
</div>



<p></p>

<p>«Pour les personnes autistes, on a souvent vu les forces et les intérêts comme étant des obstacles au développement. De plus en plus, ce que l&rsquo;on voit, c&rsquo;est que le fait de laisser les personnes autistes se diriger vers leurs intérêts pourraient être associé au bien-être.» Dre Claudine Jacques Le Laboratoire sur l&rsquo;unicité et la &hellip;</p>

<!-- This site is optimized with the Yoast SEO plugin v19.6 - https://yoast.com/wordpress/plugins/seo/ -->
<title>Nos objectifs - LUDICA</title>
<meta name="robots" content="index, follow, max-snippet:-1, max-image-preview:large, max-video-preview:-1" />
<link rel="canonical" href="https://ludica.uqo.ca/index.php/nos-objectifs/" />
<meta property="og:locale" content="fr_FR" />
<meta property="og:type" content="article" />
<meta property="og:title" content="Nos objectifs - LUDICA" />
<meta property="og:description" content="«Pour les personnes autistes, on a souvent vu les forces et les intérêts comme étant des obstacles au développement. De plus en plus, ce que l&rsquo;on voit, c&rsquo;est que le fait de laisser les personnes autistes se diriger vers leurs intérêts pourraient être associé au bien-être.» Dre Claudine Jacques Le Laboratoire sur l&rsquo;unicité et la &hellip;" />
<meta property="og:url" content="https://ludica.uqo.ca/index.php/nos-objectifs/" />
<meta property="og:site_name" content="LUDICA" />
<meta property="article:publisher" content="https://www.facebook.com/LABOLUDICA" />
<meta property="article:modified_time" content="2023-02-24T13:49:41+00:00" />
<meta name="twitter:card" content="summary_large_image" />
<meta name="twitter:label1" content="Durée de lecture estimée" />
	<meta name="twitter:data1" content="2 minutes" />
<script type="application/ld+json" class="yoast-schema-graph">{"@context":"https://schema.org","@graph":[{"@type":"WebPage","@id":"https://ludica.uqo.ca/index.php/nos-objectifs/","url":"https://ludica.uqo.ca/index.php/nos-objectifs/","name":"Nos objectifs - LUDICA","isPartOf":{"@id":"https://ludica.uqo.ca/#website"},"datePublished":"2021-07-07T17:02:19+00:00","dateModified":"2023-02-24T13:49:41+00:00","breadcrumb":{"@id":"https://ludica.uqo.ca/index.php/nos-objectifs/#breadcrumb"},"inLanguage":"fr-FR","potentialAction":[{"@type":"ReadAction","target":["https://ludica.uqo.ca/index.php/nos-objectifs/"]}]},{"@type":"BreadcrumbList","@id":"https://ludica.uqo.ca/index.php/nos-objectifs/#breadcrumb","itemListElement":[{"@type":"ListItem","position":1,"name":"Accueil","item":"https://ludica.uqo.ca/"},{"@type":"ListItem","position":2,"name":"Nos objectifs"}]},{"@type":"WebSite","@id":"https://ludica.uqo.ca/#website","url":"https://ludica.uqo.ca/","name":"LUDICA","description":"Laboratoire sur l&#039;Unicité et la Diversité des Intérêts et des Comportements en Autisme","publisher":{"@id":"https://ludica.uqo.ca/#organization"},"potentialAction":[{"@type":"SearchAction","target":{"@type":"EntryPoint","urlTemplate":"https://ludica.uqo.ca/?s={search_term_string}"},"query-input":"required name=search_term_string"}],"inLanguage":"fr-FR"},{"@type":"Organization","@id":"https://ludica.uqo.ca/#organization","name":"LUDICA","url":"https://ludica.uqo.ca/","sameAs":["https://www.facebook.com/LABOLUDICA"],"logo":{"@type":"ImageObject","inLanguage":"fr-FR","@id":"https://ludica.uqo.ca/#/schema/logo/image/","url":"https://i0.wp.com/ludica.uqo.ca/wp-content/uploads/2021/07/Logo-LUDICA-abrege-e1659980461216.jpg?fit=1585%2C1125&ssl=1","contentUrl":"https://i0.wp.com/ludica.uqo.ca/wp-content/uploads/2021/07/Logo-LUDICA-abrege-e1659980461216.jpg?fit=1585%2C1125&ssl=1","width":1585,"height":1125,"caption":"LUDICA"},"image":{"@id":"https://ludica.uqo.ca/#/schema/logo/image/"}}]}</script>
<!-- / Yoast SEO plugin. -->

«Pour les personnes autistes, on a souvent vu les forces et les intérêts comme étant des obstacles au développement. De plus en plus, ce que l&rsquo;on voit, c&rsquo;est que le fait de laisser les personnes autistes se diriger vers leurs intérêts pourraient être associé au bien-être.» Dre Claudine Jacques Le Laboratoire sur l&rsquo;unicité et la &hellip;

Laboratoire sur l&#039;Unicité et la Diversité des Intérêts et des Comportements en Autisme
