{"id":2620,"date":"2021-09-26T19:29:50","date_gmt":"2021-09-26T19:29:50","guid":{"rendered":"https:\/\/ludica.uqo.ca\/?page_id=2620"},"modified":"2023-05-26T17:14:17","modified_gmt":"2023-05-26T17:14:17","slug":"dominic-couture","status":"publish","type":"page","link":"https:\/\/ludica.uqo.ca\/index.php\/dominic-couture\/","title":{"rendered":"Dominic Couture"},"content":{"rendered":"\n<div class=\"wp-container-2 wp-block-columns\">\n<div class=\"wp-container-1 wp-block-column\">\n<div class=\"wp-block-media-text alignwide is-stacked-on-mobile\" style=\"grid-template-columns:44% auto\"><figure class=\"wp-block-media-text__media\"><img loading=\"lazy\" width=\"801\" height=\"534\" src=\"https:\/\/i0.wp.com\/ludica.uqo.ca\/wp-content\/uploads\/slider15\/Dominic_Couture_5.jpeg?resize=801%2C534&#038;ssl=1\" alt=\"\" class=\"wp-image-5066 size-full\" srcset=\"https:\/\/i0.wp.com\/ludica.uqo.ca\/wp-content\/uploads\/slider15\/Dominic_Couture_5-scaled.jpeg?resize=1024%2C683&amp;ssl=1 1024w, https:\/\/i0.wp.com\/ludica.uqo.ca\/wp-content\/uploads\/slider15\/Dominic_Couture_5-scaled.jpeg?resize=300%2C200&amp;ssl=1 300w, https:\/\/i0.wp.com\/ludica.uqo.ca\/wp-content\/uploads\/slider15\/Dominic_Couture_5-scaled.jpeg?resize=768%2C512&amp;ssl=1 768w, https:\/\/i0.wp.com\/ludica.uqo.ca\/wp-content\/uploads\/slider15\/Dominic_Couture_5-scaled.jpeg?resize=1536%2C1024&amp;ssl=1 1536w, https:\/\/i0.wp.com\/ludica.uqo.ca\/wp-content\/uploads\/slider15\/Dominic_Couture_5-scaled.jpeg?resize=2048%2C1365&amp;ssl=1 2048w, https:\/\/i0.wp.com\/ludica.uqo.ca\/wp-content\/uploads\/slider15\/Dominic_Couture_5-scaled.jpeg?resize=24%2C16&amp;ssl=1 24w, https:\/\/i0.wp.com\/ludica.uqo.ca\/wp-content\/uploads\/slider15\/Dominic_Couture_5-scaled.jpeg?resize=36%2C24&amp;ssl=1 36w, https:\/\/i0.wp.com\/ludica.uqo.ca\/wp-content\/uploads\/slider15\/Dominic_Couture_5-scaled.jpeg?resize=48%2C32&amp;ssl=1 48w, https:\/\/i0.wp.com\/ludica.uqo.ca\/wp-content\/uploads\/slider15\/Dominic_Couture_5-scaled.jpeg?w=1602&amp;ssl=1 1602w, https:\/\/i0.wp.com\/ludica.uqo.ca\/wp-content\/uploads\/slider15\/Dominic_Couture_5-scaled.jpeg?w=2403&amp;ssl=1 2403w\" sizes=\"(max-width: 801px) 100vw, 801px\" data-recalc-dims=\"1\" \/><\/figure><div class=\"wp-block-media-text__content\">\n<h1 class=\"has-text-align-center has-large-font-size\"><strong>Collaborateur aux projets du laboratoire LUDICA et \u00e9tudiant \u00e0 l&rsquo;Universit\u00e9 d&rsquo;Ottawa<\/strong><\/h1>\n\n\n\n<hr class=\"wp-block-separator has-text-color has-css-opacity has-background is-style-wide\" style=\"background-color:#aeacac;color:#aeacac\"\/>\n\n\n\n<h1 class=\"has-medium-font-size\">Dominic est n\u00e9 \u00e0 Amqui en Gasp\u00e9sie le 7 avril 1988. Il s&rsquo;est fait diagnostiquer le 1er mai 2014 \u00e0 l&rsquo;H\u00f4pital de Rimouski-Neigette. Il est d\u00e9tenteur d&rsquo;un baccalaur\u00e9at en \u00e9tudes anglaises et interculturelles (2016) de l&rsquo;Universit\u00e9 de Sherbrooke, d&rsquo;une ma\u00eetrise en litt\u00e9ratures et cultures du monde (2020) de l&rsquo;Universit\u00e9 d&rsquo;Ottawa et d&rsquo;une deuxi\u00e8me ma\u00eetrise en linguistique appliqu\u00e9e dont il a gradu\u00e9 en d\u00e9cembre 2022. Il travaille aussi comme sp\u00e9cialiste de l&rsquo;accessibilit\u00e9 du langage \u00e0 l&rsquo;Universit\u00e9 d&rsquo;Ottawa. Il veut commencer sa carri\u00e8re comme linguiste, auteur et romancier, tout en continuant ses activit\u00e9s aupr\u00e8s du laboratoire LUDICA. Finalement, il voudrait \u00e9ventuellement commencer son entreprise.<\/h1>\n\n\n\n<h1 class=\"has-medium-font-size\">Il est en contact \u00e9troit avec Claudine Jacques depuis son arriv\u00e9e dans la r\u00e9gion de Gatineau et d\u2019Ottawa et est collaborateur aux diff\u00e9rents projets du laboratoire LUDICA. <\/h1>\n<\/div><\/div>\n<\/div>\n<\/div>\n\n\n\n<div class=\"su-spoiler su-spoiler-style-fancy su-spoiler-icon-chevron\" data-scroll-offset=\"0\" data-anchor-in-url=\"no\"><div class=\"su-spoiler-title\" tabindex=\"0\" role=\"button\"><span class=\"su-spoiler-icon\"><\/span><strong>Bourses et distinctions<\/strong><\/div><div class=\"su-spoiler-content su-u-clearfix su-u-trim\">Bouses au m\u00e9rite, Facult\u00e9 des Arts, Universit\u00e9 d&rsquo;Ottawa, 2020<br>Bourse Pierre-Ernest Couture, C\u00e9gep de L\u00e9vis, 2011<\/div><\/div>\n\n\n\n<div class=\"su-spoiler su-spoiler-style-fancy su-spoiler-icon-chevron su-spoiler-closed\" data-scroll-offset=\"0\" data-anchor-in-url=\"no\"><div class=\"su-spoiler-title\" tabindex=\"0\" role=\"button\"><span class=\"su-spoiler-icon\"><\/span><strong>Int\u00e9r\u00eat de recherche<\/strong><\/div><div class=\"su-spoiler-content su-u-clearfix su-u-trim\">Langues en situation minoritaire,&nbsp;<em>lingua franca<\/em>,&nbsp;morphosyntaxe, champs d&rsquo;int\u00e9r\u00eat chez les personnes autistes.<\/div><\/div>\n\n\n\n<div class=\"su-spoiler su-spoiler-style-fancy su-spoiler-icon-chevron su-spoiler-closed\" data-scroll-offset=\"0\" data-anchor-in-url=\"no\"><div class=\"su-spoiler-title\" tabindex=\"0\" role=\"button\"><span class=\"su-spoiler-icon\"><\/span><strong>Contribution scientifique choisie<\/strong><\/div><div class=\"su-spoiler-content su-u-clearfix su-u-trim\">Couture, D. (2021) \u00c0 la guerre, le silence est d\u2019or. Une analyse comparative de&nbsp;<em>La guerre n\u2019a pas un visage de femme<\/em>&nbsp;(1985) et de&nbsp;<em>Les Cercueils de zinc&nbsp;<\/em>(1989) de Svetlana Alexievitch.&nbsp;<em>Confetti<\/em>,&nbsp;<em>7<\/em>, 71-88.&nbsp;<a href=\"https:\/\/ruor.uottawa.ca\/handle\/10393\/42142\" target=\"_blank\" rel=\"noreferrer noopener\">https:\/\/ruor.uottawa.ca\/handle\/10393\/42142<\/a>. [Aussi disponible sur site Recherche uO Research de l&rsquo;Universit\u00e9 d&rsquo;Ottawa]<\/div><\/div>\n\n\n\n<div class=\"su-spoiler su-spoiler-style-fancy su-spoiler-icon-chevron su-spoiler-closed\" data-scroll-offset=\"0\" data-anchor-in-url=\"no\"><div class=\"su-spoiler-title\" tabindex=\"0\" role=\"button\"><span class=\"su-spoiler-icon\"><\/span><strong>Passions et int\u00e9r\u00eats<\/strong><\/div><div class=\"su-spoiler-content su-u-clearfix su-u-trim\">Dans ses temps libres, Dominic aime jouer \u00e0 ses jeux vid\u00e9o sur la plateforme STEAM, pratiquer des arts martiaux comme le judo, le jiu-jitsu ou le karat\u00e9 shotokan et regarder ses livres, qui lui donnent un acc\u00e8s direct \u00e0 ses champs d&rsquo;int\u00e9r\u00eat. Il adore aussi voyager en autocar et profiter du paysage et des infrastructures routi\u00e8res ! Il veut m\u00ealer ses champs d&rsquo;int\u00e9r\u00eats pour la linguistique et l&rsquo;\u00e9criture \u00e0 sa carri\u00e8re.<\/div><\/div>\n","protected":false},"excerpt":{"rendered":"<p>Collaborateur aux projets du laboratoire LUDICA et \u00e9tudiant \u00e0 l&rsquo;Universit\u00e9 d&rsquo;Ottawa Dominic est n\u00e9 \u00e0 Amqui en Gasp\u00e9sie le 7 avril 1988. Il s&rsquo;est fait diagnostiquer le 1er mai 2014 \u00e0 l&rsquo;H\u00f4pital de Rimouski-Neigette. Il est d\u00e9tenteur d&rsquo;un baccalaur\u00e9at en \u00e9tudes anglaises et interculturelles (2016) de l&rsquo;Universit\u00e9 de Sherbrooke, d&rsquo;une ma\u00eetrise en litt\u00e9ratures et cultures &hellip;<\/p>\n","protected":false},"author":1,"featured_media":0,"parent":0,"menu_order":0,"comment_status":"closed","ping_status":"closed","template":"","meta":[],"yoast_head":"<!-- This site is optimized with the Yoast SEO plugin v19.6 - https:\/\/yoast.com\/wordpress\/plugins\/seo\/ -->\n<title>Dominic Couture - LUDICA<\/title>\n<meta name=\"robots\" content=\"index, follow, max-snippet:-1, max-image-preview:large, max-video-preview:-1\" \/>\n<link rel=\"canonical\" href=\"https:\/\/ludica.uqo.ca\/index.php\/dominic-couture\/\" \/>\n<meta property=\"og:locale\" content=\"fr_FR\" \/>\n<meta property=\"og:type\" content=\"article\" \/>\n<meta property=\"og:title\" content=\"Dominic Couture - LUDICA\" \/>\n<meta property=\"og:description\" content=\"Collaborateur aux projets du laboratoire LUDICA et \u00e9tudiant \u00e0 l&rsquo;Universit\u00e9 d&rsquo;Ottawa Dominic est n\u00e9 \u00e0 Amqui en Gasp\u00e9sie le 7 avril 1988. Il s&rsquo;est fait diagnostiquer le 1er mai 2014 \u00e0 l&rsquo;H\u00f4pital de Rimouski-Neigette. Il est d\u00e9tenteur d&rsquo;un baccalaur\u00e9at en \u00e9tudes anglaises et interculturelles (2016) de l&rsquo;Universit\u00e9 de Sherbrooke, d&rsquo;une ma\u00eetrise en litt\u00e9ratures et cultures &hellip;\" \/>\n<meta property=\"og:url\" content=\"https:\/\/ludica.uqo.ca\/index.php\/dominic-couture\/\" \/>\n<meta property=\"og:site_name\" content=\"LUDICA\" \/>\n<meta property=\"article:publisher\" content=\"https:\/\/www.facebook.com\/LABOLUDICA\" \/>\n<meta property=\"article:modified_time\" content=\"2023-05-26T17:14:17+00:00\" \/>\n<meta property=\"og:image\" content=\"https:\/\/ludica.uqo.ca\/wp-content\/uploads\/slider15\/Dominic_Couture_5-1024x683.jpeg\" \/>\n<meta name=\"twitter:card\" content=\"summary_large_image\" \/>\n<meta name=\"twitter:label1\" content=\"Dur\u00e9e de lecture estim\u00e9e\" \/>\n\t<meta name=\"twitter:data1\" content=\"2 minutes\" \/>\n<script type=\"application\/ld+json\" class=\"yoast-schema-graph\">{\"@context\":\"https:\/\/schema.org\",\"@graph\":[{\"@type\":\"WebPage\",\"@id\":\"https:\/\/ludica.uqo.ca\/index.php\/dominic-couture\/\",\"url\":\"https:\/\/ludica.uqo.ca\/index.php\/dominic-couture\/\",\"name\":\"Dominic Couture - LUDICA\",\"isPartOf\":{\"@id\":\"https:\/\/ludica.uqo.ca\/#website\"},\"datePublished\":\"2021-09-26T19:29:50+00:00\",\"dateModified\":\"2023-05-26T17:14:17+00:00\",\"breadcrumb\":{\"@id\":\"https:\/\/ludica.uqo.ca\/index.php\/dominic-couture\/#breadcrumb\"},\"inLanguage\":\"fr-FR\",\"potentialAction\":[{\"@type\":\"ReadAction\",\"target\":[\"https:\/\/ludica.uqo.ca\/index.php\/dominic-couture\/\"]}]},{\"@type\":\"BreadcrumbList\",\"@id\":\"https:\/\/ludica.uqo.ca\/index.php\/dominic-couture\/#breadcrumb\",\"itemListElement\":[{\"@type\":\"ListItem\",\"position\":1,\"name\":\"Accueil\",\"item\":\"https:\/\/ludica.uqo.ca\/\"},{\"@type\":\"ListItem\",\"position\":2,\"name\":\"Dominic Couture\"}]},{\"@type\":\"WebSite\",\"@id\":\"https:\/\/ludica.uqo.ca\/#website\",\"url\":\"https:\/\/ludica.uqo.ca\/\",\"name\":\"LUDICA\",\"description\":\"Laboratoire sur l&#039;Unicit\u00e9 et la Diversit\u00e9 des Int\u00e9r\u00eats et des Comportements en Autisme\",\"publisher\":{\"@id\":\"https:\/\/ludica.uqo.ca\/#organization\"},\"potentialAction\":[{\"@type\":\"SearchAction\",\"target\":{\"@type\":\"EntryPoint\",\"urlTemplate\":\"https:\/\/ludica.uqo.ca\/?s={search_term_string}\"},\"query-input\":\"required name=search_term_string\"}],\"inLanguage\":\"fr-FR\"},{\"@type\":\"Organization\",\"@id\":\"https:\/\/ludica.uqo.ca\/#organization\",\"name\":\"LUDICA\",\"url\":\"https:\/\/ludica.uqo.ca\/\",\"sameAs\":[\"https:\/\/www.facebook.com\/LABOLUDICA\"],\"logo\":{\"@type\":\"ImageObject\",\"inLanguage\":\"fr-FR\",\"@id\":\"https:\/\/ludica.uqo.ca\/#\/schema\/logo\/image\/\",\"url\":\"https:\/\/i0.wp.com\/ludica.uqo.ca\/wp-content\/uploads\/2021\/07\/Logo-LUDICA-abrege-e1659980461216.jpg?fit=1585%2C1125&ssl=1\",\"contentUrl\":\"https:\/\/i0.wp.com\/ludica.uqo.ca\/wp-content\/uploads\/2021\/07\/Logo-LUDICA-abrege-e1659980461216.jpg?fit=1585%2C1125&ssl=1\",\"width\":1585,\"height\":1125,\"caption\":\"LUDICA\"},\"image\":{\"@id\":\"https:\/\/ludica.uqo.ca\/#\/schema\/logo\/image\/\"}}]}<\/script>\n<!-- \/ Yoast SEO plugin. -->","yoast_head_json":{"title":"Dominic Couture - LUDICA","robots":{"index":"index","follow":"follow","max-snippet":"max-snippet:-1","max-image-preview":"max-image-preview:large","max-video-preview":"max-video-preview:-1"},"canonical":"https:\/\/ludica.uqo.ca\/index.php\/dominic-couture\/","og_locale":"fr_FR","og_type":"article","og_title":"Dominic Couture - LUDICA","og_description":"Collaborateur aux projets du laboratoire LUDICA et \u00e9tudiant \u00e0 l&rsquo;Universit\u00e9 d&rsquo;Ottawa Dominic est n\u00e9 \u00e0 Amqui en Gasp\u00e9sie le 7 avril 1988. Il s&rsquo;est fait diagnostiquer le 1er mai 2014 \u00e0 l&rsquo;H\u00f4pital de Rimouski-Neigette. Il est d\u00e9tenteur d&rsquo;un baccalaur\u00e9at en \u00e9tudes anglaises et interculturelles (2016) de l&rsquo;Universit\u00e9 de Sherbrooke, d&rsquo;une ma\u00eetrise en litt\u00e9ratures et cultures &hellip;","og_url":"https:\/\/ludica.uqo.ca\/index.php\/dominic-couture\/","og_site_name":"LUDICA","article_publisher":"https:\/\/www.facebook.com\/LABOLUDICA","article_modified_time":"2023-05-26T17:14:17+00:00","og_image":[{"url":"https:\/\/ludica.uqo.ca\/wp-content\/uploads\/slider15\/Dominic_Couture_5-1024x683.jpeg"}],"twitter_card":"summary_large_image","twitter_misc":{"Dur\u00e9e de lecture estim\u00e9e":"2 minutes"},"schema":{"@context":"https:\/\/schema.org","@graph":[{"@type":"WebPage","@id":"https:\/\/ludica.uqo.ca\/index.php\/dominic-couture\/","url":"https:\/\/ludica.uqo.ca\/index.php\/dominic-couture\/","name":"Dominic Couture - LUDICA","isPartOf":{"@id":"https:\/\/ludica.uqo.ca\/#website"},"datePublished":"2021-09-26T19:29:50+00:00","dateModified":"2023-05-26T17:14:17+00:00","breadcrumb":{"@id":"https:\/\/ludica.uqo.ca\/index.php\/dominic-couture\/#breadcrumb"},"inLanguage":"fr-FR","potentialAction":[{"@type":"ReadAction","target":["https:\/\/ludica.uqo.ca\/index.php\/dominic-couture\/"]}]},{"@type":"BreadcrumbList","@id":"https:\/\/ludica.uqo.ca\/index.php\/dominic-couture\/#breadcrumb","itemListElement":[{"@type":"ListItem","position":1,"name":"Accueil","item":"https:\/\/ludica.uqo.ca\/"},{"@type":"ListItem","position":2,"name":"Dominic Couture"}]},{"@type":"WebSite","@id":"https:\/\/ludica.uqo.ca\/#website","url":"https:\/\/ludica.uqo.ca\/","name":"LUDICA","description":"Laboratoire sur l&#039;Unicit\u00e9 et la Diversit\u00e9 des Int\u00e9r\u00eats et des Comportements en Autisme","publisher":{"@id":"https:\/\/ludica.uqo.ca\/#organization"},"potentialAction":[{"@type":"SearchAction","target":{"@type":"EntryPoint","urlTemplate":"https:\/\/ludica.uqo.ca\/?s={search_term_string}"},"query-input":"required name=search_term_string"}],"inLanguage":"fr-FR"},{"@type":"Organization","@id":"https:\/\/ludica.uqo.ca\/#organization","name":"LUDICA","url":"https:\/\/ludica.uqo.ca\/","sameAs":["https:\/\/www.facebook.com\/LABOLUDICA"],"logo":{"@type":"ImageObject","inLanguage":"fr-FR","@id":"https:\/\/ludica.uqo.ca\/#\/schema\/logo\/image\/","url":"https:\/\/i0.wp.com\/ludica.uqo.ca\/wp-content\/uploads\/2021\/07\/Logo-LUDICA-abrege-e1659980461216.jpg?fit=1585%2C1125&ssl=1","contentUrl":"https:\/\/i0.wp.com\/ludica.uqo.ca\/wp-content\/uploads\/2021\/07\/Logo-LUDICA-abrege-e1659980461216.jpg?fit=1585%2C1125&ssl=1","width":1585,"height":1125,"caption":"LUDICA"},"image":{"@id":"https:\/\/ludica.uqo.ca\/#\/schema\/logo\/image\/"}}]}},"_links":{"self":[{"href":"https:\/\/ludica.uqo.ca\/index.php\/wp-json\/wp\/v2\/pages\/2620"}],"collection":[{"href":"https:\/\/ludica.uqo.ca\/index.php\/wp-json\/wp\/v2\/pages"}],"about":[{"href":"https:\/\/ludica.uqo.ca\/index.php\/wp-json\/wp\/v2\/types\/page"}],"author":[{"embeddable":true,"href":"https:\/\/ludica.uqo.ca\/index.php\/wp-json\/wp\/v2\/users\/1"}],"replies":[{"embeddable":true,"href":"https:\/\/ludica.uqo.ca\/index.php\/wp-json\/wp\/v2\/comments?post=2620"}],"version-history":[{"count":21,"href":"https:\/\/ludica.uqo.ca\/index.php\/wp-json\/wp\/v2\/pages\/2620\/revisions"}],"predecessor-version":[{"id":5101,"href":"https:\/\/ludica.uqo.ca\/index.php\/wp-json\/wp\/v2\/pages\/2620\/revisions\/5101"}],"wp:attachment":[{"href":"https:\/\/ludica.uqo.ca\/index.php\/wp-json\/wp\/v2\/media?parent=2620"}],"curies":[{"name":"wp","href":"https:\/\/api.w.org\/{rel}","templated":true}]}}