{"id":5305,"date":"2024-08-27T21:04:53","date_gmt":"2024-08-27T21:04:53","guid":{"rendered":"https:\/\/ludica.uqo.ca\/?page_id=5305"},"modified":"2024-08-27T21:04:56","modified_gmt":"2024-08-27T21:04:56","slug":"rapports-de-recherche","status":"publish","type":"page","link":"https:\/\/ludica.uqo.ca\/index.php\/rapports-de-recherche\/","title":{"rendered":"Rapports de recherche"},"content":{"rendered":"\n<figure class=\"wp-block-pullquote is-style-default has-border-color\" style=\"border-color:#05949e00\"><blockquote><p>La professeure Claudine Jacques contribue \u00e0 une d\u00e9couverte importante!<\/p><cite>Madame Jacques, en collaboration avec l\u2019\u00e9quipe du projet&nbsp;<em>Une autre intelligence<\/em>,&nbsp;ont men\u00e9 une \u00e9tude aupr\u00e8s de jeunes enfants autistes dont les r\u00e9sultats ont une grande importance. Cette \u00e9tude a en effet d\u00e9montr\u00e9 que les comportements r\u00e9p\u00e9titifs des enfants autistes ne nuisent pas \u00e0 l\u2019exploration d\u2019objets. <br><br><strong><a href=\"https:\/\/uqo.ca\/docs\/32058\" target=\"_blank\" rel=\"noreferrer noopener\">Lire l&rsquo;article dans la revue PLoS One!<\/a><\/strong><\/cite><\/blockquote><\/figure>\n\n\n<style id=\"kb-spacer_614fac-72\">.wp-block-kadence-spacer.kt-block-spacer-_614fac-72 .kt-block-spacer{height:20px;}.wp-block-kadence-spacer.kt-block-spacer-_614fac-72 .kt-divider{width:80%;}<\/style>\n<div class=\"wp-block-kadence-spacer aligncenter kt-block-spacer-_614fac-72\"><div class=\"kt-block-spacer kt-block-spacer-halign-center\"><hr class=\"kt-divider\"\/><\/div><\/div>\n\n\n\n<h6 class=\"has-suki-color-6-background-color has-background has-small-font-size\" style=\"font-style:normal;font-weight:300\">Jacques, C., &amp; Saulnier, G. (2021). Projet de r\u00e9vision de l\u2019organisation des services offerts aux enfants 0-5 ans avec des retards de d\u00e9veloppement-Projet OSER. Rapport remis au CISSS de l\u2019Outaouais.<\/h6>\n\n\n\n<h6 class=\"has-suki-color-6-background-color has-background has-small-font-size\" style=\"font-style:normal;font-weight:300\">Dezainde, C., Dionne, C., Jacques, C., Lemire, C., &amp; Thermidor, G. (2020). L\u2019\u00e9valuation psycho\u00e9ducative \u00e0 distance en petite enfance: Les essentiels en situation d\u2019urgence sanitaire et sociale. Feuillet informatif : Ordre des psycho\u00e9ducateurs et psycho\u00e9ducatrices du Qu\u00e9bec (OPPQ). Rep\u00e9r\u00e9 \u00e0 https:\/\/www.ordrepsed.qc.ca\/~\/media\/pdf\/Publication\/Fiche-Eval-distance-enfant.ashx?la=fr<\/h6>\n\n\n\n<h6 class=\"has-suki-color-6-background-color has-background has-small-font-size\" style=\"font-style:normal;font-weight:300\">Ordre des psycho\u00e9ducateurs et psycho\u00e9ducatrices du Qu\u00e9bec. (2020). \u00c9valuation de l\u2019enfant pr\u00e9sentant des indices de retard de d\u00e9veloppement. Lignes directrices. Montr\u00e9al. (Collaboration \u00e0 titre de chercheure sur le comit\u00e9 de r\u00e9vision).<\/h6>\n\n\n\n<h6 class=\"has-suki-color-6-background-color has-background has-small-font-size\" style=\"font-style:normal;font-weight:300\">Jacques, C. (2018). Partir d\u2019une initiative ha\u00eftienne : Projet de co-d\u00e9veloppement Ha\u00efti-Qu\u00e9bec d\u2019un mod\u00e8le psycho\u00e9ducatif adapt\u00e9 au contexte ha\u00eftien. Coop\u00e9ration Qu\u00e9bec-Ha\u00efti 2016-2017. Qu\u00e9bec, Canada : Minist\u00e8re des Relations internationales et de la francophonie.<\/h6>\n","protected":false},"excerpt":{"rendered":"<p>La professeure Claudine Jacques contribue \u00e0 une d\u00e9couverte importante! Madame Jacques, en collaboration avec l\u2019\u00e9quipe du projet&nbsp;Une autre intelligence,&nbsp;ont men\u00e9 une \u00e9tude aupr\u00e8s de jeunes enfants autistes dont les r\u00e9sultats ont une grande importance. Cette \u00e9tude a en effet d\u00e9montr\u00e9 que les comportements r\u00e9p\u00e9titifs des enfants autistes ne nuisent pas \u00e0 l\u2019exploration d\u2019objets. Lire l&rsquo;article &hellip;<\/p>\n","protected":false},"author":7,"featured_media":0,"parent":0,"menu_order":0,"comment_status":"closed","ping_status":"closed","template":"","meta":[],"yoast_head":"<!-- This site is optimized with the Yoast SEO plugin v19.6 - https:\/\/yoast.com\/wordpress\/plugins\/seo\/ -->\n<title>Rapports de recherche - LUDICA<\/title>\n<meta name=\"robots\" content=\"index, follow, max-snippet:-1, max-image-preview:large, max-video-preview:-1\" \/>\n<link rel=\"canonical\" href=\"https:\/\/ludica.uqo.ca\/index.php\/rapports-de-recherche\/\" \/>\n<meta property=\"og:locale\" content=\"fr_FR\" \/>\n<meta property=\"og:type\" content=\"article\" \/>\n<meta property=\"og:title\" content=\"Rapports de recherche - LUDICA\" \/>\n<meta property=\"og:description\" content=\"La professeure Claudine Jacques contribue \u00e0 une d\u00e9couverte importante! Madame Jacques, en collaboration avec l\u2019\u00e9quipe du projet&nbsp;Une autre intelligence,&nbsp;ont men\u00e9 une \u00e9tude aupr\u00e8s de jeunes enfants autistes dont les r\u00e9sultats ont une grande importance. Cette \u00e9tude a en effet d\u00e9montr\u00e9 que les comportements r\u00e9p\u00e9titifs des enfants autistes ne nuisent pas \u00e0 l\u2019exploration d\u2019objets. Lire l&rsquo;article &hellip;\" \/>\n<meta property=\"og:url\" content=\"https:\/\/ludica.uqo.ca\/index.php\/rapports-de-recherche\/\" \/>\n<meta property=\"og:site_name\" content=\"LUDICA\" \/>\n<meta property=\"article:publisher\" content=\"https:\/\/www.facebook.com\/LABOLUDICA\" \/>\n<meta property=\"article:modified_time\" content=\"2024-08-27T21:04:56+00:00\" \/>\n<meta name=\"twitter:card\" content=\"summary_large_image\" \/>\n<meta name=\"twitter:label1\" content=\"Dur\u00e9e de lecture estim\u00e9e\" \/>\n\t<meta name=\"twitter:data1\" content=\"1 minute\" \/>\n<script type=\"application\/ld+json\" class=\"yoast-schema-graph\">{\"@context\":\"https:\/\/schema.org\",\"@graph\":[{\"@type\":\"WebPage\",\"@id\":\"https:\/\/ludica.uqo.ca\/index.php\/rapports-de-recherche\/\",\"url\":\"https:\/\/ludica.uqo.ca\/index.php\/rapports-de-recherche\/\",\"name\":\"Rapports de recherche - LUDICA\",\"isPartOf\":{\"@id\":\"https:\/\/ludica.uqo.ca\/#website\"},\"datePublished\":\"2024-08-27T21:04:53+00:00\",\"dateModified\":\"2024-08-27T21:04:56+00:00\",\"breadcrumb\":{\"@id\":\"https:\/\/ludica.uqo.ca\/index.php\/rapports-de-recherche\/#breadcrumb\"},\"inLanguage\":\"fr-FR\",\"potentialAction\":[{\"@type\":\"ReadAction\",\"target\":[\"https:\/\/ludica.uqo.ca\/index.php\/rapports-de-recherche\/\"]}]},{\"@type\":\"BreadcrumbList\",\"@id\":\"https:\/\/ludica.uqo.ca\/index.php\/rapports-de-recherche\/#breadcrumb\",\"itemListElement\":[{\"@type\":\"ListItem\",\"position\":1,\"name\":\"Accueil\",\"item\":\"https:\/\/ludica.uqo.ca\/\"},{\"@type\":\"ListItem\",\"position\":2,\"name\":\"Rapports de recherche\"}]},{\"@type\":\"WebSite\",\"@id\":\"https:\/\/ludica.uqo.ca\/#website\",\"url\":\"https:\/\/ludica.uqo.ca\/\",\"name\":\"LUDICA\",\"description\":\"Laboratoire sur l&#039;Unicit\u00e9 et la Diversit\u00e9 des Int\u00e9r\u00eats et des Comportements en Autisme\",\"publisher\":{\"@id\":\"https:\/\/ludica.uqo.ca\/#organization\"},\"potentialAction\":[{\"@type\":\"SearchAction\",\"target\":{\"@type\":\"EntryPoint\",\"urlTemplate\":\"https:\/\/ludica.uqo.ca\/?s={search_term_string}\"},\"query-input\":\"required name=search_term_string\"}],\"inLanguage\":\"fr-FR\"},{\"@type\":\"Organization\",\"@id\":\"https:\/\/ludica.uqo.ca\/#organization\",\"name\":\"LUDICA\",\"url\":\"https:\/\/ludica.uqo.ca\/\",\"sameAs\":[\"https:\/\/www.facebook.com\/LABOLUDICA\"],\"logo\":{\"@type\":\"ImageObject\",\"inLanguage\":\"fr-FR\",\"@id\":\"https:\/\/ludica.uqo.ca\/#\/schema\/logo\/image\/\",\"url\":\"https:\/\/i0.wp.com\/ludica.uqo.ca\/wp-content\/uploads\/2021\/07\/Logo-LUDICA-abrege-e1659980461216.jpg?fit=1585%2C1125&ssl=1\",\"contentUrl\":\"https:\/\/i0.wp.com\/ludica.uqo.ca\/wp-content\/uploads\/2021\/07\/Logo-LUDICA-abrege-e1659980461216.jpg?fit=1585%2C1125&ssl=1\",\"width\":1585,\"height\":1125,\"caption\":\"LUDICA\"},\"image\":{\"@id\":\"https:\/\/ludica.uqo.ca\/#\/schema\/logo\/image\/\"}}]}<\/script>\n<!-- \/ Yoast SEO plugin. -->","yoast_head_json":{"title":"Rapports de recherche - LUDICA","robots":{"index":"index","follow":"follow","max-snippet":"max-snippet:-1","max-image-preview":"max-image-preview:large","max-video-preview":"max-video-preview:-1"},"canonical":"https:\/\/ludica.uqo.ca\/index.php\/rapports-de-recherche\/","og_locale":"fr_FR","og_type":"article","og_title":"Rapports de recherche - LUDICA","og_description":"La professeure Claudine Jacques contribue \u00e0 une d\u00e9couverte importante! Madame Jacques, en collaboration avec l\u2019\u00e9quipe du projet&nbsp;Une autre intelligence,&nbsp;ont men\u00e9 une \u00e9tude aupr\u00e8s de jeunes enfants autistes dont les r\u00e9sultats ont une grande importance. Cette \u00e9tude a en effet d\u00e9montr\u00e9 que les comportements r\u00e9p\u00e9titifs des enfants autistes ne nuisent pas \u00e0 l\u2019exploration d\u2019objets. Lire l&rsquo;article &hellip;","og_url":"https:\/\/ludica.uqo.ca\/index.php\/rapports-de-recherche\/","og_site_name":"LUDICA","article_publisher":"https:\/\/www.facebook.com\/LABOLUDICA","article_modified_time":"2024-08-27T21:04:56+00:00","twitter_card":"summary_large_image","twitter_misc":{"Dur\u00e9e de lecture estim\u00e9e":"1 minute"},"schema":{"@context":"https:\/\/schema.org","@graph":[{"@type":"WebPage","@id":"https:\/\/ludica.uqo.ca\/index.php\/rapports-de-recherche\/","url":"https:\/\/ludica.uqo.ca\/index.php\/rapports-de-recherche\/","name":"Rapports de recherche - LUDICA","isPartOf":{"@id":"https:\/\/ludica.uqo.ca\/#website"},"datePublished":"2024-08-27T21:04:53+00:00","dateModified":"2024-08-27T21:04:56+00:00","breadcrumb":{"@id":"https:\/\/ludica.uqo.ca\/index.php\/rapports-de-recherche\/#breadcrumb"},"inLanguage":"fr-FR","potentialAction":[{"@type":"ReadAction","target":["https:\/\/ludica.uqo.ca\/index.php\/rapports-de-recherche\/"]}]},{"@type":"BreadcrumbList","@id":"https:\/\/ludica.uqo.ca\/index.php\/rapports-de-recherche\/#breadcrumb","itemListElement":[{"@type":"ListItem","position":1,"name":"Accueil","item":"https:\/\/ludica.uqo.ca\/"},{"@type":"ListItem","position":2,"name":"Rapports de recherche"}]},{"@type":"WebSite","@id":"https:\/\/ludica.uqo.ca\/#website","url":"https:\/\/ludica.uqo.ca\/","name":"LUDICA","description":"Laboratoire sur l&#039;Unicit\u00e9 et la Diversit\u00e9 des Int\u00e9r\u00eats et des Comportements en Autisme","publisher":{"@id":"https:\/\/ludica.uqo.ca\/#organization"},"potentialAction":[{"@type":"SearchAction","target":{"@type":"EntryPoint","urlTemplate":"https:\/\/ludica.uqo.ca\/?s={search_term_string}"},"query-input":"required name=search_term_string"}],"inLanguage":"fr-FR"},{"@type":"Organization","@id":"https:\/\/ludica.uqo.ca\/#organization","name":"LUDICA","url":"https:\/\/ludica.uqo.ca\/","sameAs":["https:\/\/www.facebook.com\/LABOLUDICA"],"logo":{"@type":"ImageObject","inLanguage":"fr-FR","@id":"https:\/\/ludica.uqo.ca\/#\/schema\/logo\/image\/","url":"https:\/\/i0.wp.com\/ludica.uqo.ca\/wp-content\/uploads\/2021\/07\/Logo-LUDICA-abrege-e1659980461216.jpg?fit=1585%2C1125&ssl=1","contentUrl":"https:\/\/i0.wp.com\/ludica.uqo.ca\/wp-content\/uploads\/2021\/07\/Logo-LUDICA-abrege-e1659980461216.jpg?fit=1585%2C1125&ssl=1","width":1585,"height":1125,"caption":"LUDICA"},"image":{"@id":"https:\/\/ludica.uqo.ca\/#\/schema\/logo\/image\/"}}]}},"_links":{"self":[{"href":"https:\/\/ludica.uqo.ca\/index.php\/wp-json\/wp\/v2\/pages\/5305"}],"collection":[{"href":"https:\/\/ludica.uqo.ca\/index.php\/wp-json\/wp\/v2\/pages"}],"about":[{"href":"https:\/\/ludica.uqo.ca\/index.php\/wp-json\/wp\/v2\/types\/page"}],"author":[{"embeddable":true,"href":"https:\/\/ludica.uqo.ca\/index.php\/wp-json\/wp\/v2\/users\/7"}],"replies":[{"embeddable":true,"href":"https:\/\/ludica.uqo.ca\/index.php\/wp-json\/wp\/v2\/comments?post=5305"}],"version-history":[{"count":2,"href":"https:\/\/ludica.uqo.ca\/index.php\/wp-json\/wp\/v2\/pages\/5305\/revisions"}],"predecessor-version":[{"id":5307,"href":"https:\/\/ludica.uqo.ca\/index.php\/wp-json\/wp\/v2\/pages\/5305\/revisions\/5307"}],"wp:attachment":[{"href":"https:\/\/ludica.uqo.ca\/index.php\/wp-json\/wp\/v2\/media?parent=5305"}],"curies":[{"name":"wp","href":"https:\/\/api.w.org\/{rel}","templated":true}]}}